{"id":185,"date":"2022-09-26T17:49:36","date_gmt":"2022-09-26T14:49:36","guid":{"rendered":"https:\/\/safirpak.com.tr\/?page_id=185"},"modified":"2022-09-26T17:58:56","modified_gmt":"2022-09-26T14:58:56","slug":"vizyonumuz","status":"publish","type":"page","link":"https:\/\/safirpak.com.tr\/?page_id=185","title":{"rendered":"Vizyonumuz"},"content":{"rendered":"\n<ul class=\"wp-block-list\"><li>En kaliteli \u00fcr\u00fcn\u00fc en uygun \u015fekilde sunarak vazge\u00e7ilmez olmak<\/li><li>Yap\u0131lan i\u015fte verilen g\u00fcveni en \u00fcst d\u00fczeye \u00e7\u0131karmak<\/li><li>Kendini yenileyip; m\u00fc\u015fteri talepleri do\u011frultusunda \u00e7\u00f6z\u00fcmler \u00fcretmek<\/li><\/ul>\n","protected":false},"excerpt":{"rendered":"<p>En kaliteli \u00fcr\u00fcn\u00fc en uygun \u015fekilde sunarak vazge\u00e7ilmez olmak Yap\u0131lan i\u015fte verilen g\u00fcveni en \u00fcst d\u00fczeye \u00e7\u0131karmak Kendini yenileyip; m\u00fc\u015fteri talepleri do\u011frultusunda \u00e7\u00f6z\u00fcmler \u00fcretmek<\/p>\n","protected":false},"author":1,"featured_media":191,"parent":0,"menu_order":0,"comment_status":"closed","ping_status":"closed","template":"","meta":{"footnotes":""},"class_list":["post-185","page","type-page","status-publish","has-post-thumbnail","hentry"],"_links":{"self":[{"href":"https:\/\/safirpak.com.tr\/index.php?rest_route=\/wp\/v2\/pages\/185","targetHints":{"allow":["GET"]}}],"collection":[{"href":"https:\/\/safirpak.com.tr\/index.php?rest_route=\/wp\/v2\/pages"}],"about":[{"href":"https:\/\/safirpak.com.tr\/index.php?rest_route=\/wp\/v2\/types\/page"}],"author":[{"embeddable":true,"href":"https:\/\/safirpak.com.tr\/index.php?rest_route=\/wp\/v2\/users\/1"}],"replies":[{"embeddable":true,"href":"https:\/\/safirpak.com.tr\/index.php?rest_route=%2Fwp%2Fv2%2Fcomments&post=185"}],"version-history":[{"count":1,"href":"https:\/\/safirpak.com.tr\/index.php?rest_route=\/wp\/v2\/pages\/185\/revisions"}],"predecessor-version":[{"id":186,"href":"https:\/\/safirpak.com.tr\/index.php?rest_route=\/wp\/v2\/pages\/185\/revisions\/186"}],"wp:featuredmedia":[{"embeddable":true,"href":"https:\/\/safirpak.com.tr\/index.php?rest_route=\/wp\/v2\/media\/191"}],"wp:attachment":[{"href":"https:\/\/safirpak.com.tr\/index.php?rest_route=%2Fwp%2Fv2%2Fmedia&parent=185"}],"curies":[{"name":"wp","href":"https:\/\/api.w.org\/{rel}","templated":true}]}}